
1002101110002
-201603 (base 7) to base 11
-23810
-223144316 (base 7) to base 14
-1b2cb46
315881 (base 9) to base 13
677b3
Convert -35320345 (base 6) to base 2.
-100001100010110001001
What is -145230542 (base 6) in base 8?
-13511376
Convert -13004 (base 12) to base 15.
-7a34
Convert 211232233033 (base 4) to base 10.
9890767
What is -78faa0 (base 16) in base 7?
-124251050
Convert 3134412 (base 6) to base 13.
54632
What is 115738 (base 11) in base 10?
183235
What is 213212100 (base 4) in base 2?
100111100110010000
-117118 (base 9) to base 7
-413306
What is -1646b50 (base 12) in base 10?
-4573932
100002200100 (base 3) to base 14
493ac
Convert -be0ce (base 16) to base 3.
-1110112211100
What is -5073002 (base 10) in base 4?
-103112201222
What is -5eadc1 (base 15) in base 14?
-8635cd
What is 41772 (base 10) in base 8?
121454
2120011020022 (base 3) to base 5
322024323
Convert -149025 (base 11) to base 8.
-704305
Convert -100001010101000110100 (base 2) to base 10.
-1092148
-21310022210 (base 4) to base 14
-4ad952
Convert -102a414 (base 13) to base 2.
-10010101101111001100010
330033 (base 4) to base 11
2995
Convert 558b9 (base 14) to base 13.
735cc
What is -16361 (base 13) in base 6?
-523545
Convert 1111011110000000110 (base 2) to base 11.
316916
What is -7273a0a (base 11) in base 16?
-c3c809
Convert 1014875 (base 13) to base 4.
102203321012
What is -37d86 (base 15) in base 7?
-1342362
Convert -22112022120 (base 3) to base 14.
-4528d
Convert -200440 (base 7) to base 11.
-23472
-372124 (base 11) to base 13
-177ac4
Convert 68901 (base 15) to base 7.
2554123
Convert 23110020321 (base 4) to base 8.
13241071
-1b31a9 (base 14) to base 5
-222001402
What is 1211212012 (base 3) in base 9?
54765
Convert -1212101200 (base 3) to base 6.
-442030
What is 1044440 (base 7) in base 8?
373521
Convert -93b40 (base 15) to base 7.
-3660156
-34145576 (base 8) to base 10
-7392126
2515300 (base 6) to base 11
92203
Convert 310c5 (base 13) to base 15.
1b146
Convert 3168605 (base 11) to base 6.
315253555
-45eac9 (base 15) to base 4
-30233200122
30c5a7 (base 13) to base 16
1169e9
What is -13123302 (base 4) in base 16?
-76f2
4cdacb (base 16) to base 7
60545252
Convert 104014443 (base 5) to base 16.
6eee5
1100101000100001010110 (base 2) to base 3
20020020210122
Convert 1662130 (base 11) to base 15.
3ad139
-1675b4 (base 13) to base 15
-b098a
-821ab (base 15) to base 7
-3334364
-81992a (base 14) to base 9
-8186074
1376283 (base 9) to base 15
eedd6
2037467 (base 10) to base 7
23214065
133114 (base 9) to base 3
11010010111
What is -233033110 (base 5) in base 8?
-4037514
-604e (base 15) to base 2
-100111101100100
Convert -942365 (base 10) to base 2.
-11100110000100011101
What is -70864 (base 9) in base 13?
-182c2
Convert 30011332 (base 4) to base 5.
3041114
What is 2b2732 (base 14) in base 12?
607034
What is 102914 (base 10) in base 3?
12020011122
What is 23664312 (base 7) in base 6?
113212013
What is -1583185 (base 13) in base 3?
-111000111120121
Convert -204210323 (base 5) to base 15.
-11c0e3
What is 12211110010 (base 4) in base 13?
485632
What is 10000001010011110100 (base 2) in base 3?
222220112202
838401 (base 10) to base 9
1517056
-154740 (base 16) to base 10
-1394496
What is -10300332102 (base 4) in base 6?
-42435110
331814 (base 9) to base 12
96864
-111001001011110011 (base 2) to base 11
-14aa84
Convert -2344110400 (base 5) to base 6.
-312543435
755325 (base 8) to base 5
31041004
-154102d (base 14) to base 12
-3584141
What is -2163125 (base 10) in base 15?
-2cadd5
What is -101130001 (base 4) in base 13?
-26683
What is -672aa3 (base 12) in base 15?
-226ce3
3361 (base 8) to base 9
2384
What is -30603410 (base 7) in base 6?
-131050355
What is -2301000 (base 4) in base 10?
-11328
-262511 (base 9) to base 4
-212321221
What is -71db5 (base 16) in base 13?
-134368
Convert -152047 (base 8) to base 15.
-1115b
Convert 1617296 (base 13) to base 9.
14318852
-50a27 (base 14) to base 16
-2f61b
Convert -55240 (base 15) to base 13.
-96186
Convert -6a9ab (base 16) to base 15.
-895a1
Convert 6137573 (base 8) to base 13.
44a2c3
Convert -618c (base 14) to base 16.
-4190
Convert -11002534 (base 6) to base 5.
-40432401
What is 100223334 (base 5) in base 9?
666682
Convert 120547 (base 12) to base 9.
483251
-659040 (base 13) to base 12
-9733b0
-150991 (base 11) to base 9
-387865
What is -101120303 (base 4) in base 14?
-1bd51
Convert -2332213032 (base 4) to base 12.
-3179a6
What is -246410 (base 9) in base 10?
-149049
Convert 81422 (base 15) to base 2.
1100011111011011011
What is 3ba89 (base 12) in base 3?
11012112020
4203145 (base 6) to base 13
7146b
39a03 (base 11) to base 9
86311
Convert -7aa9a8 (base 13) to base 11.
-1707050
What is -167368 (base 13) in base 6?
-15550131
What is -1602328 (base 9) in base 16?
-d8aa6
Convert 157352 (base 8) to base 3.
2220021120
Convert 3340541 (base 6) to base 3.
22120101121
24922 (base 10) to base 8
60532
What is 128669 (base 10) in base 13?
46748
-121100020012111 (base 3) to base 7
-133550620
What is -56126616 (base 7) in base 16?
-49f7df
Convert 1001003012 (base 4) to base 13.
94373
20220263 (base 7) to base 15
2346b5
Convert -1768249 (base 12) to base 10.
-4866393
-947434 (base 10) to base 2
-11100111010011101010
What is -111001010101110110 (base 2) in base 4?
-321111312
Convert -90ab9 (base 15) to base 11.
-293159
Convert -3431016 (base 11) to base 16.
-5b9dbe
Convert -502154441 (base 6) to base 11.
-4890217
Convert 40123213 (base 5) to base 9.
533234
What is 1231441 (base 6) in base 7?
364552
What is 2006093 (base 10) in base 14?
3a3125
What is 530340400 (base 6) in base 11?
525a101
-1ac0a (base 14) to base 5
-4140333
What is 30032110 (base 5) in base 11?
151788
-65621726 (base 8) to base 16
-d723d6
What is 33300311 (base 4) in base 10?
64565
318719 (base 10) to base 8
1156377
Convert 9c19d (base 14) to base 8.
1344177
What is 5443 (base 15) in base 5?
1032323
Convert -1153990 (base 12) to base 13.
-901752
Convert -8490903 (base 10) to base 8.
-40307627
Convert -5544123 (base 6) to base 15.
-576a9
-3243842 (base 9) to base 16
-1a92e2
What is 221010221202 (base 3) in base 12?
1ba525
Convert -114520461 (base 7) to base 14.
-d40d68
What is -167359 (base 10) in base 11?
-104815
What is 3931 (base 14) in base 13?
4753
Convert -12232040 (base 5) to base 14.
-30cc2
-6168244 (base 10) to base 6
-340112404
Convert 959de (base 16) to base 3.
1011010122102
What is c258 (base 13) in base 16?
6897
123d17 (base 14) to base 11
397a08
Convert -4b532 (base 12) to base 14.
-29606
Convert -16353022 (base 7) to base 6.
-54050324
-144562 (base 9) to base 15
-1b415
Convert 85fe4 (base 16) to base 12.
225744
What is -55304 (base 8) in base 14?
-867a
What is 332110322 (base 4) in base 2?
111110010100111010
What is -1010010100000110010101 (base 2) in base 15?
-3861b0
-10010001011100110011111 (base 2) to base 9
-8863778
Convert -322b1 (base 15) to base 9.
-262384
2436310 (base 9) to base 5
314322022
Convert -42242244 (base 6) to base 7.
-13330420
What is 6522722 (base 10) in base 9?
13241438
Convert 373721 (base 11) to base 8.
2201247
What is -1010100200020 (base 3) in base 5?
-123110133
2216100 (base 10) to base 13
5c7903
-6b0539 (base 12) to base 11
-a76721
What is 4454 (base 12) in base 13?
358c
11a541 (base 13) to base 2
1100111001101000010
1000220021110 (base 3) to base 10
549138
What is 11221302 (base 5) in base 8?
306114
Convert -156451 (base 13) to base 8.
-2007226
Convert 30c152 (base 14) to base 13.
45867a
What is 19250a (base 11) in base 3?
120001011120
What is 73b9b (base 12) in base 5?
14331124
Convert -12110020032 (base 4) to base 7.
-20032656
What is -110112211202202 (base 3) in base 14?
-c587b6
Convert -16224263 (base 8) to base 2.
-1110010010100010110011
30d61 (base 14) to base 12
58275
7b43c8 (base 13) to base 8
13114271
Convert -10100212222111 (base 3) to base 5.
-424221302
-178b7 (base 16) to base 12
-47987
-20011404 (base 5) to base 8
-462660
Convert 869a (base 12) to base 3.
202022101
-121023002 (base 4) to base 2
-11001001011000010
-434430200 (base 5) to base 16
-1c9788
What is -394f48 (base 16) in base 15?
-4e2c9d
What is -2163136 (base 7) in base 3?
-111121002201
What is 1010000100011001010010 (base 2) in base 14?
4c9c78
Convert -1690824 (base 10) to base 4